
16
What is 14 (base 7) in base 10?
11
-a (base 12) to base 13
-a
What is -3 (base 5) in base 12?
-3
What is 3 (base 12) in base 15?
3
13 (base 5) to base 16
8
What is 3 (base 15) in base 11?
3
What is -232 (base 5) in base 13?
-52
Convert -19 (base 14) to base 5.
-43
Convert 6 (base 13) to base 8.
6
What is -2 (base 8) in base 3?
-2
Convert 14 (base 13) to base 16.
11
31 (base 5) to base 8
20
What is 24 (base 10) in base 16?
18
What is 2 (base 5) in base 10?
2
Convert 6c (base 16) to base 3.
11000
Convert 144 (base 9) to base 8.
171
3 (base 7) to base 5
3
16 (base 7) to base 16
d
Convert 2 (base 5) to base 8.
2
What is -2 (base 9) in base 2?
-10
7 (base 14) to base 4
13
What is -2212 (base 4) in base 8?
-246
1 (base 6) to base 14
1
Convert -20 (base 10) to base 16.
-14
Convert -4 (base 13) to base 9.
-4
4 (base 6) to base 16
4
Convert 54 (base 13) to base 5.
234
Convert -1 (base 5) to base 9.
-1
Convert 4 (base 12) to base 15.
4
What is -24 (base 10) in base 8?
-30
Convert 22 (base 6) to base 8.
16
Convert 13 (base 16) to base 4.
103
What is -2 (base 10) in base 16?
-2
-a7 (base 13) to base 9
-162
What is -254 (base 6) in base 5?
-411
What is 24 (base 12) in base 11?
26
-8a (base 15) to base 10
-130
What is 2 (base 3) in base 7?
2
-f (base 16) to base 10
-15
221 (base 6) to base 13
67
What is 4 (base 16) in base 10?
4
Convert -32 (base 4) to base 10.
-14
-1e (base 15) to base 9
-32
3102 (base 4) to base 7
420
What is 2c (base 13) in base 8?
46
3 (base 8) to base 9
3
What is -4 (base 5) in base 16?
-4
Convert 20 (base 8) to base 13.
13
1223 (base 4) to base 7
212
What is -2 (base 3) in base 10?
-2
What is -1 (base 7) in base 2?
-1
77 (base 9) to base 3
2121
-4 (base 9) to base 7
-4
What is 0 (base 11) in base 4?
0
What is 2 (base 9) in base 10?
2
Convert 103 (base 6) to base 10.
39
Convert 107 (base 13) to base 16.
b0
What is 1 (base 9) in base 8?
1
-1013 (base 5) to base 7
-250
3 (base 15) to base 8
3
Convert -1420 (base 5) to base 12.
-177
Convert 111100 (base 2) to base 4.
330
Convert 6 (base 13) to base 14.
6
What is -1 (base 9) in base 4?
-1
Convert -14 (base 9) to base 10.
-13
-49 (base 14) to base 6
-145
-23 (base 7) to base 9
-18
Convert -1 (base 13) to base 9.
-1
Convert -110 (base 2) to base 11.
-6
-8 (base 11) to base 5
-13
What is 12 (base 9) in base 8?
13
15b (base 14) to base 9
337
101 (base 6) to base 5
122
-3 (base 13) to base 2
-11
What is -94 (base 14) in base 2?
-10000010
Convert -23 (base 8) to base 5.
-34
What is 2 (base 9) in base 11?
2
-2c (base 14) to base 16
-28
Convert -72 (base 15) to base 10.
-107
Convert -2142 (base 5) to base 11.
-250
5 (base 13) to base 12
5
What is 0 (base 10) in base 4?
0
What is 7c (base 15) in base 5?
432
-146 (base 9) to base 16
-7b
What is 1d (base 16) in base 13?
23
Convert 4 (base 9) to base 7.
4
-1 (base 16) to base 7
-1
-6 (base 15) to base 8
-6
Convert 4 (base 10) to base 15.
4
What is -7 (base 14) in base 8?
-7
-33 (base 7) to base 6
-40
What is 10 (base 2) in base 3?
2
-1 (base 2) to base 11
-1
Convert -2 (base 9) to base 2.
-10
200 (base 4) to base 14
24
What is 81 (base 9) in base 11?
67
0 (base 14) to base 7
0
What is 33 (base 7) in base 13?
1b
What is 10 (base 13) in base 15?
d
Convert 91 (base 15) to base 5.
1021
Convert 2 (base 4) to base 5.
2
What is -9 (base 11) in base 5?
-14
Convert 100 (base 2) to base 7.
4
22 (base 6) to base 5
24
Convert -4 (base 5) to base 12.
-4
What is 437 (base 9) in base 6?
1354
Convert 0 (base 2) to base 4.
0
a (base 14) to base 2
1010
Convert 0 (base 10) to base 15.
0
What is 4 (base 7) in base 14?
4
What is 28 (base 16) in base 15?
2a
Convert -20 (base 12) to base 5.
-44
What is -a (base 11) in base 3?
-101
Convert 12 (base 6) to base 14.
8
Convert 520 (base 6) to base 2.
11000000
What is 0 (base 4) in base 10?
0
Convert -61 (base 12) to base 2.
-1001001
Convert -166 (base 7) to base 16.
-61
Convert -c (base 16) to base 14.
-c
Convert -3 (base 14) to base 12.
-3
What is ca (base 13) in base 8?
246
-2 (base 3) to base 6
-2
Convert 5 (base 13) to base 11.
5
1 (base 13) to base 8
1
-12 (base 14) to base 3
-121
What is -2011 (base 3) in base 7?
-112
What is 11e (base 16) in base 14?
166
Convert -2c (base 13) to base 11.
-35
4e (base 15) to base 14
54
Convert -21 (base 7) to base 14.
-11
What is 121 (base 3) in base 8?
20
What is -98 (base 15) in base 14?
-a3
-4 (base 14) to base 8
-4
What is 7 (base 14) in base 16?
7
Convert -10 (base 15) to base 4.
-33
12222 (base 3) to base 6
425
Convert -7 (base 8) to base 5.
-12
What is -311 (base 6) in base 7?
-223
1 (base 2) to base 11
1
-33 (base 7) to base 8
-30
1 (base 4) to base 12
1
What is 1000 (base 5) in base 4?
1331
-4 (base 16) to base 8
-4
-14 (base 9) to base 3
-111
Convert 4 (base 7) to base 11.
4
What is 1 (base 5) in base 14?
1
What is 23 (base 5) in base 4?
31
Convert 1b (base 13) to base 4.
120
What is -4 (base 14) in base 11?
-4
What is 16 (base 10) in base 2?
10000
344 (base 6) to base 2
10001000
What is -3 (base 15) in base 8?
-3
What is -10 (base 4) in base 3?
-11
What is -3 (base 6) in base 15?
-3
Convert -25 (base 8) to base 4.
-111
24 (base 13) to base 11
28
What is 3 (base 8) in base 13?
3
Convert 5 (base 10) to base 8.
5
100 (base 3) to base 9
10
What is -146 (base 7) in base 2?
-1010011
What is -10 (base 11) in base 15?
-b
-aa (base 11) to base 15
-80
3 (base 15) to base 11
3
Convert 34 (base 16) to base 15.
37
What is -1101100 (base 2) in base 3?
-11000
What is 0 (base 12) in base 11?
0
Convert b (base 12) to base 14.
b
What is 42 (base 8) in base 4?
202
What is -3 (base 4) in base 8?
-3
Convert -35 (base 16) to base 11.
-49
What is a5 (base 15) in base 8?
233
-5 (base 13) to base 8
-5
Convert 0 (base 12) to base 14.
0
Convert 12 (base 9) to base 7.
14
Convert -60 (base 13) to base 5.
-303
What is -4 (base 16) in base 11?
-4
What is d (base 16) in base 4?
31
Convert 20 (base 8) to base 10.
16
Convert 11011 (base 2) to base 15.
1c
Convert -2 (base 7) to base 12.
-2
271 (base 9) to base 16
e2
-1 (base 15) to base 16
-1
What is 10010 (base 2) in base 9?
20
Convert 26 (base 16) to base 6.
102
-6 (base 13) to base 5
-11
-232 (base 8) to base 9
-181
Convert -20 (base 10) to base 8.
-24
Convert -15 (base 10) to base 11.
-14
-11 (base 3) to base 16
-4
What is 5 (base 15) in base 2?
101
What is -12221 (base 3) in base 4?
-2200
-63 (base 10) to base 4
-333
2 (base 16) to base 3
2
Convert 17 (base 11) to base 12.
16
Convert -31 (base 9) to base 5.
-103
Convert 3 (base 7) to base 6.
3
Convert -10 (base 5) to base 12.
-5
Convert 2 (base 10) to base 8.
2
-2 (base 14) to base 11
-2
What is 330 (base 8) in base 3?
22000
What is 13 (base 10) in base 3?
111
Convert a0 (base 12) to base 11.
aa
-29 (base 11) to base 16
-1f
What is 11 (base 10) in base 5?
21
What is -38 (base 13) in base 10?
-47
What is -10 (base 6) in base 5?
-11
Convert 10 (base 4) to base 8.
4
Convert 203 (base 9) to base 7.
324
What is -18 (base 15) in base 8?
-27
23 (base 8) to base 15
14
Convert -a5 (base 11) to base 14.
-83
-a0 (base 13) to base 3
-11211
Convert 4 (base 7) to base 5.
4
What is 14 (base 6) in base 13?
a
Convert -4 (base 11) to base 16.
-4
-1 (base 4) to base 3
-1
What is 2 (base 9) in base 3?
2
What is -21 (base 8) in base 7?
-23
100 (base 9) to base 2
1010001
103 (base 8) to base 9
74
Convert -100 (base 5) to base 12.
-21
What is 1 (base 10) in base 16?
1
What is -23 (base 13) in base 14?
-21
What is -3 (base 15) in base 2?
-11
321 (base 5) to base 9
105
What is 15 (base 7) in base 11?
11
Convert 32 (base 4) to base 9.
15
What is -2 (base 5) in base 2?
-10
Convert 111 (base 2) to base 6.
11
Convert 1 (base 9) to base 13.
1
Convert -13 (base 9) to base 13.
-c
-44 (base 11) to base 13
-39
Convert 62 (base 10) to base 9.
68
What is 98 (base 10) in base 16?
62
Convert -2d (base 14) to base 11.
-38
59 (base 10) to base 16
3b
What is -8 (base 11) in base 14?
-8
What is 507 (base 8) in base 11?
278
1210 (base 5) to base 6
500
What is -2 (base 6) in base 2?
-10
What is 3 (base 9) in base 6?
3
What is 4 (base 5) in base 10?
4
Convert 6 (base 10) to base 8.
6
What is -4 (base 16) in base 14?
-4
21 (base 8) to base 16
11
What is 202 (base 3) in base 5?
40
-d5 (base 14) to base 16
-bb
Convert -4 (base 9) to base 16.
-4
W